{"id":368,"date":"2026-01-30T10:21:45","date_gmt":"2026-01-30T10:21:45","guid":{"rendered":"https:\/\/amva.ch\/?page_id=368"},"modified":"2026-01-30T10:23:51","modified_gmt":"2026-01-30T10:23:51","slug":"kywie","status":"publish","type":"page","link":"https:\/\/amva.ch\/?page_id=368","title":{"rendered":"Kywie"},"content":{"rendered":"<h2 data-start=\"153\" data-end=\"181\">Die Geschichte von Kywie<\/h2>\n<p data-start=\"287\" data-end=\"802\">In der ruhigen niederl\u00e4ndischen Landschaft, unweit des lebendigen Amsterdams, liegt ein kleines Dorf, umgeben von weiten Wiesen und offenen Feldern. Hier verbrachte Saskia ihre Kindheit. In einem warmen Zuhause mit Blick auf grasende Schafe und spielende L\u00e4mmer entwickelte sie fr\u00fch eine enge Verbindung zu nat\u00fcrlichen Materialien. Besonders ihr Gro\u00dfvater pr\u00e4gte sie nachhaltig: Mit seinem Gesch\u00e4ft f\u00fcr Felle vermittelte er ihr ein tiefes Verst\u00e4ndnis f\u00fcr Stoffe, Funktionalit\u00e4t, Mode und einen bewussten Lebensstil.<\/p>\n<p data-start=\"2623\" data-end=\"2998\">Diese fr\u00fche Pr\u00e4gung begleitete Saskia \u00fcber Jahre hinweg. Ihre Begeisterung f\u00fcr H\u00e4ute und ihre funktionalen Eigenschaften blieb bestehen und verband sich zunehmend mit einem starken Engagement f\u00fcr Nachhaltigkeit und ethisches Unternehmertum. Dabei r\u00fcckte insbesondere Schaffell in den Fokus. Als Nebenprodukt der Lebensmittelindustrie wird es h\u00e4ufig nicht vollst\u00e4ndig genutzt, obwohl es au\u00dfergew\u00f6hnliche Eigenschaften besitzt. F\u00fcr Saskia war klar: Dieses Material verdient ein zweites Leben.<\/p>\n<p data-start=\"2623\" data-end=\"2998\"><img loading=\"lazy\" decoding=\"async\" class=\"wp-image-370 alignleft\" src=\"https:\/\/amva.ch\/wp-content\/uploads\/2026\/01\/images.jpg\" alt=\"\" width=\"265\" height=\"265\" srcset=\"https:\/\/amva.ch\/wp-content\/uploads\/2026\/01\/images.jpg 225w, https:\/\/amva.ch\/wp-content\/uploads\/2026\/01\/images-150x150.jpg 150w, https:\/\/amva.ch\/wp-content\/uploads\/2026\/01\/images-100x100.jpg 100w\" sizes=\"auto, (max-width: 265px) 100vw, 265px\" \/><img loading=\"lazy\" decoding=\"async\" class=\"wp-image-373 alignright\" src=\"https:\/\/amva.ch\/wp-content\/uploads\/2026\/01\/Screenshot-2026-01-28-132005-300x280.png\" alt=\"\" width=\"284\" height=\"265\" srcset=\"https:\/\/amva.ch\/wp-content\/uploads\/2026\/01\/Screenshot-2026-01-28-132005-300x280.png 300w, https:\/\/amva.ch\/wp-content\/uploads\/2026\/01\/Screenshot-2026-01-28-132005-1024x955.png 1024w, https:\/\/amva.ch\/wp-content\/uploads\/2026\/01\/Screenshot-2026-01-28-132005-768x716.png 768w, https:\/\/amva.ch\/wp-content\/uploads\/2026\/01\/Screenshot-2026-01-28-132005.png 1274w\" sizes=\"auto, (max-width: 284px) 100vw, 284px\" \/><\/p>\n<hr data-start=\"3000\" data-end=\"3003\" \/>\n<div class=\"z-0 flex min-h-[46px] justify-start\">\n<h2 data-start=\"931\" data-end=\"966\"><\/h2>\n<h2 data-start=\"931\" data-end=\"966\">Produkt- und Markenversprechen<\/h2>\n<p data-start=\"189\" data-end=\"496\"><img loading=\"lazy\" decoding=\"async\" class=\"alignleft wp-image-393\" src=\"https:\/\/amva.ch\/wp-content\/uploads\/2026\/01\/Screenshot-2026-01-28-140228-194x300.png\" alt=\"\" width=\"242\" height=\"375\" srcset=\"https:\/\/amva.ch\/wp-content\/uploads\/2026\/01\/Screenshot-2026-01-28-140228-194x300.png 194w, https:\/\/amva.ch\/wp-content\/uploads\/2026\/01\/Screenshot-2026-01-28-140228-661x1024.png 661w, https:\/\/amva.ch\/wp-content\/uploads\/2026\/01\/Screenshot-2026-01-28-140228-768x1190.png 768w, https:\/\/amva.ch\/wp-content\/uploads\/2026\/01\/Screenshot-2026-01-28-140228-991x1536.png 991w, https:\/\/amva.ch\/wp-content\/uploads\/2026\/01\/Screenshot-2026-01-28-140228.png 1018w\" sizes=\"auto, (max-width: 242px) 100vw, 242px\" \/>KYWIE steht f\u00fcr funktionale, trendige und langlebige Produkte aus hochwertigem Schaffell, bei denen Design, Komfort und Nachhaltigkeit miteinander verbunden werden. Die Marke setzt auf nat\u00fcrliche Materialien, die durch ihre aussergew\u00f6hnlichen Eigenschaften \u00fcberzeugen und verantwortungsvoll verarbeitet werden. Es ist ein Produkt, das nicht nur funktional ist, sondern auch visuell \u00fcberzeugt.<\/p>\n<p data-start=\"189\" data-end=\"496\">Schaffell bildet die Basis aller KYWIE-Produkte. Durch die feinen Locken der Wolle wird Luft eingeschlossen, was f\u00fcr eine hervorragende nat\u00fcrliche Isolierung sorgt. Gleichzeitig sch\u00fctzt eine nat\u00fcrliche \u00d6lschicht das Material vor Schmutz und Feuchtigkeit. Auch im nassen Zustand bleibt Schaffell hygienisch, geruchsneutral und formstabil. Diese Eigenschaften machen es besonders robust, pflegeleicht und ideal f\u00fcr den t\u00e4glichen Gebrauch.<\/p>\n<\/div>\n<div class=\"z-0 flex min-h-[46px] justify-start\">\n<p data-start=\"978\" data-end=\"1339\">Nachhaltigkeit ist ein zentraler Bestandteil des gesamten Produktionsprozesses. Die bei KYWIE verwendeten Schaffelle stammen ausschliesslich aus Nebenprodukten der Lebensmittelindustrie. Dadurch wird vorhandenes Material sinnvoll weiterverwendet, anstatt entsorgt zu werden, ohne dass Tiere allein f\u00fcr die Materialgewinnung genutzt werden. Sowohl das Design als auch die Herstellung aller KYWIE-Produkte finden ausschliesslich in Europa statt. Die Marke arbeitet eng mit ausgew\u00e4hlten Produktionspartnern zusammen, die strenge Richtlinien einhalten und verantwortungsvolle Herstellungspraktiken garantieren. Die Produktion erfolgt in einem LWG-zertifizierten Werk, das hohe Standards in den Bereichen Umweltvertr\u00e4glichkeit, Energieverbrauch und Wassereinsparung erf\u00fcllt.<\/p>\n<p data-start=\"2186\" data-end=\"2366\">KYWIE-Produkte stehen f\u00fcr bewussten Konsum, hochwertige Materialien und eine klare Haltung gegen\u00fcber Umwelt und Verantwortung \u2013 ohne Kompromisse bei Qualit\u00e4t, Komfort und \u00c4sthetik.<\/p>\n<\/div>\n<div class=\"relative basis-auto flex-col -mb-(--composer-overlap-px) [--composer-overlap-px:28px] grow flex\">\n<div class=\"flex flex-col text-sm pb-25\">\n<article class=\"text-token-text-primary w-full focus:outline-none [--shadow-height:45px] has-data-writing-block:pointer-events-none has-data-writing-block:-mt-(--shadow-height) has-data-writing-block:pt-(--shadow-height) [&amp;:has([data-writing-block])&gt;*]:pointer-events-auto scroll-mt-[calc(var(--header-height)+min(200px,max(70px,20svh)))]\" dir=\"auto\" tabindex=\"-1\" data-turn-id=\"request-WEB:075ad726-02c2-4700-af18-cc7bfc0e0b9f-1\" data-testid=\"conversation-turn-4\" data-scroll-anchor=\"true\" data-turn=\"assistant\">\n<div class=\"text-center\"><img loading=\"lazy\" decoding=\"async\" class=\"wp-image-372 alignleft\" src=\"https:\/\/amva.ch\/wp-content\/uploads\/2026\/01\/1O9A0311-1024x683.webp\" alt=\"\" width=\"345\" height=\"230\" srcset=\"https:\/\/amva.ch\/wp-content\/uploads\/2026\/01\/1O9A0311-1024x683.webp 1024w, https:\/\/amva.ch\/wp-content\/uploads\/2026\/01\/1O9A0311-300x200.webp 300w, https:\/\/amva.ch\/wp-content\/uploads\/2026\/01\/1O9A0311-768x512.webp 768w, https:\/\/amva.ch\/wp-content\/uploads\/2026\/01\/1O9A0311-1536x1024.webp 1536w, https:\/\/amva.ch\/wp-content\/uploads\/2026\/01\/1O9A0311-2048x1365.webp 2048w\" sizes=\"auto, (max-width: 345px) 100vw, 345px\" \/><img loading=\"lazy\" decoding=\"async\" class=\"wp-image-371 alignnone\" src=\"https:\/\/amva.ch\/wp-content\/uploads\/2026\/01\/1O9A0899-300x200.webp\" alt=\"\" width=\"345\" height=\"230\" srcset=\"https:\/\/amva.ch\/wp-content\/uploads\/2026\/01\/1O9A0899-300x200.webp 300w, https:\/\/amva.ch\/wp-content\/uploads\/2026\/01\/1O9A0899-1024x683.webp 1024w, https:\/\/amva.ch\/wp-content\/uploads\/2026\/01\/1O9A0899-768x512.webp 768w, https:\/\/amva.ch\/wp-content\/uploads\/2026\/01\/1O9A0899-1536x1024.webp 1536w, https:\/\/amva.ch\/wp-content\/uploads\/2026\/01\/1O9A0899-2048x1365.webp 2048w\" sizes=\"auto, (max-width: 345px) 100vw, 345px\" \/><\/div>\n<\/article>\n<\/div>\n<div class=\"pointer-events-none h-px w-px absolute bottom-0\" aria-hidden=\"true\" data-edge=\"true\"><\/div>\n<\/div>\n<div><\/div>\n<div>\n<p data-start=\"3033\" data-end=\"3088\">\n<\/div>\n<div class=\"text-base mx-auto [--thread-content-margin:--spacing(4)] @w-sm\/main:[--thread-content-margin:--spacing(6)] @w-lg\/main:[--thread-content-margin:--spacing(16)] px-(--thread-content-margin)\">\n<div class=\"[--thread-content-max-width:40rem] @w-lg\/main:[--thread-content-max-width:48rem] mx-auto max-w-(--thread-content-max-width) flex-1 mb-4\">\n<div class=\"flex justify-center empty:hidden\"><\/div>\n<div class=\"pointer-events-auto relative z-1 flex h-(--composer-container-height,100%) max-w-full flex-(--composer-container-flex,1) flex-col\"><\/div>\n<\/div>\n<\/div>\n","protected":false},"excerpt":{"rendered":"<p>Die Geschichte von Kywie In der ruhigen niederl\u00e4ndischen Landschaft, unweit des lebendigen Amsterdams, liegt ein kleines Dorf, umgeben von weiten Wiesen und offenen Feldern. Hier verbrachte Saskia ihre Kindheit. In einem warmen Zuhause mit Blick auf grasende Schafe und spielende L\u00e4mmer entwickelte sie fr\u00fch eine enge Verbindung zu nat\u00fcrlichen Materialien. Besonders ihr Gro\u00dfvater pr\u00e4gte sie &hellip; <\/p>\n<p class=\"link-more\"><a href=\"https:\/\/amva.ch\/?page_id=368\" class=\"more-link\">Lees verder <span class=\"screen-reader-text\">&#8220;Kywie&#8221;<\/span><\/a><\/p>\n","protected":false},"author":4,"featured_media":0,"parent":0,"menu_order":0,"comment_status":"closed","ping_status":"closed","template":"","meta":{"footnotes":""},"class_list":["post-368","page","type-page","status-publish","hentry"],"_links":{"self":[{"href":"https:\/\/amva.ch\/index.php?rest_route=\/wp\/v2\/pages\/368","targetHints":{"allow":["GET"]}}],"collection":[{"href":"https:\/\/amva.ch\/index.php?rest_route=\/wp\/v2\/pages"}],"about":[{"href":"https:\/\/amva.ch\/index.php?rest_route=\/wp\/v2\/types\/page"}],"author":[{"embeddable":true,"href":"https:\/\/amva.ch\/index.php?rest_route=\/wp\/v2\/users\/4"}],"replies":[{"embeddable":true,"href":"https:\/\/amva.ch\/index.php?rest_route=%2Fwp%2Fv2%2Fcomments&post=368"}],"version-history":[{"count":36,"href":"https:\/\/amva.ch\/index.php?rest_route=\/wp\/v2\/pages\/368\/revisions"}],"predecessor-version":[{"id":419,"href":"https:\/\/amva.ch\/index.php?rest_route=\/wp\/v2\/pages\/368\/revisions\/419"}],"wp:attachment":[{"href":"https:\/\/amva.ch\/index.php?rest_route=%2Fwp%2Fv2%2Fmedia&parent=368"}],"curies":[{"name":"wp","href":"https:\/\/api.w.org\/{rel}","templated":true}]}}